{"id":13216,"date":"2015-09-29T20:30:36","date_gmt":"2015-09-29T18:30:36","guid":{"rendered":"http:\/\/sgtr.ch\/dev\/wp\/?page_id=13216"},"modified":"2026-04-26T18:08:58","modified_gmt":"2026-04-26T16:08:58","slug":"aktuelle-infos-aus-dem-verein","status":"publish","type":"page","link":"https:\/\/sgtr.ch\/wp\/der-verein\/aktuelle-infos-aus-dem-verein\/","title":{"rendered":"Aktuelle Infos"},"content":{"rendered":"<div class=\"fusion-fullwidth fullwidth-box fusion-builder-row-1 fusion-flex-container nonhundred-percent-fullwidth non-hundred-percent-height-scrolling\" style=\"--awb-background-position:left top;--awb-border-sizes-top:0px;--awb-border-sizes-bottom:0px;--awb-border-sizes-left:0px;--awb-border-sizes-right:0px;--awb-border-radius-top-left:0px;--awb-border-radius-top-right:0px;--awb-border-radius-bottom-right:0px;--awb-border-radius-bottom-left:0px;--awb-padding-top:20px;--awb-padding-right:0px;--awb-padding-bottom:20px;--awb-padding-left:0px;--awb-flex-wrap:wrap;\" ><div class=\"fusion-builder-row fusion-row fusion-flex-align-items-flex-start fusion-flex-content-wrap\" style=\"max-width:1216.8px;margin-left: calc(-4% \/ 2 );margin-right: calc(-4% \/ 2 );\"><div class=\"fusion-layout-column fusion_builder_column fusion-builder-column-0 fusion_builder_column_1_1 1_1 fusion-flex-column fusion-flex-align-self-flex-start fusion-column-no-min-height\" style=\"--awb-bg-size:cover;--awb-width-large:100%;--awb-margin-top-large:0px;--awb-spacing-right-large:1.92%;--awb-margin-bottom-large:0px;--awb-spacing-left-large:1.92%;--awb-width-medium:100%;--awb-spacing-right-medium:1.92%;--awb-spacing-left-medium:1.92%;--awb-width-small:100%;--awb-spacing-right-small:1.92%;--awb-spacing-left-small:1.92%;\"><div class=\"fusion-column-wrapper fusion-flex-justify-content-flex-start fusion-content-layout-column\"><div class=\"fusion-title title fusion-title-1 fusion-title-text fusion-title-size-two\"><div class=\"title-sep-container title-sep-container-left fusion-no-large-visibility fusion-no-medium-visibility fusion-no-small-visibility\"><div class=\"title-sep sep- sep-solid\" style=\"border-color:#e0dede;\"><\/div><\/div><span class=\"awb-title-spacer fusion-no-large-visibility fusion-no-medium-visibility fusion-no-small-visibility\"><\/span><h2 class=\"fusion-title-heading title-heading-left\" style=\"margin:0;\"><span style=\"color: #6796bf;\"><strong>Aktuelle Infos<\/strong><\/span><\/h2><span class=\"awb-title-spacer\"><\/span><div class=\"title-sep-container title-sep-container-right\"><div class=\"title-sep sep- sep-solid\" style=\"border-color:#e0dede;\"><\/div><\/div><\/div><div class=\"fusion-separator fusion-full-width-sep\" style=\"align-self: center;margin-left: auto;margin-right: auto;margin-top:10px;margin-bottom:40px;width:100%;\"><div class=\"fusion-separator-border sep-single sep-solid\" style=\"--awb-height:20px;--awb-amount:20px;border-color:#e0dede;border-top-width:1px;\"><\/div><\/div><div class=\"fusion-text fusion-text-1\" style=\"--awb-text-transform:none;\"><div class=\"page\" title=\"Page 1\">\n<p>&nbsp;<\/p>\n<p>&nbsp;<\/p>\n<p><strong>Stellungnahme Praktikumspl\u00e4tze f\u00fcr Equimotion<br \/>\n<\/strong><span class=\"citation-83\">Die Berufsverb\u00e4nde SG-TR und PI-CH nehmen <\/span><span class=\"citation-83\">Equimotion Schweiz<\/span><span class=\"citation-83 citation-end-83\"> nicht als Bildungszentrum in ihre Verb\u00e4nde auf, da sie sich als Berufsverb\u00e4nde f\u00fcr qualifizierte Fachpersonen verstehen und ihre eigenen Ausbildungen st\u00e4rken wollen<\/span>. <span class=\"citation-82\">Absolventinnen von Equimotion k\u00f6nnen jedoch die <\/span><span class=\"citation-82\">Mitgliedschaft und Berufsanerkennung<\/span><span class=\"citation-82 citation-end-82\"> bei SG-TR oder PI-CH beantragen, wobei jedes Gesuch individuell gepr\u00fcft wird<\/span>. <span class=\"citation-81\">Da das <\/span><span class=\"citation-81\">Praktikum<\/span><span class=\"citation-81\"> ein zentraler Bestandteil der eigenen Weiterbildung ist und h\u00f6here Anforderungen gestellt werden, sollen Praktikumsbetriebe den eigenen Studierenden und Auszubildenden <\/span><span class=\"citation-81\">erste Priorit\u00e4t<\/span><span class=\"citation-81 citation-end-81\"> bei der Platzvergabe einr\u00e4umen<\/span>. <span class=\"citation-80\">Die Verb\u00e4nde betonen den Wert der Arbeit der Praktikumsbetriebe und stellen klar, dass eine Verg\u00fctung<\/span><span class=\"citation-80 citation-end-80\">&nbsp;f\u00fcr die Praxisanleitung durch die Auszubildenden an die PAL (Praxisanleiterin\/leiter) vorgesehen ist<\/span>. Den gesamten Brief an Equimotion <a href=\"https:\/\/sgtr.ch\/wp\/wp-content\/uploads\/2025\/11\/Brief-Equimotion.pdf\">hier<\/a> zum Download.<\/p>\n<div class=\"source-inline-chip-container ng-star-inserted\">&nbsp;<\/div>\n<p><strong>Mitgliederversammlung Gest\u00fct Hohenstein 23.\/24. Mai 2026<br \/>\n<\/strong>Wir freuen uns, im 2026 unsere Mitgliederversammlung auf dem Gest\u00fct Hohenstein in Meidelstetten durchf\u00fchren zu d\u00fcrfen. Lisa Semler und Rebecca Podlech f\u00fchren uns durch das spannende Programm, wobei auch ein Sattlermeister und k\u00fcrzlich ausgebildete Reitp\u00e4dagoginnen ihr Fachwissen und ihre Erfahrungen aus der Praxis beitragen werden. Die Ausschreibung mit der M\u00f6glichkeit zur (online) Anmeldung \u00fcbers Formular <a href=\"https:\/\/sgtr.ch\/wp\/wp-content\/uploads\/2025\/10\/2025_04_News_SG-TR_Ausschreibung-MV26.pdf\">hier<\/a>.<\/p>\n<p>&nbsp;<\/p>\n<p><strong>Bericht Betriebsbesichtigung L\u00f6tschenmatt Obfelden<\/strong><br \/>\nAm 14. September 2025 durften SG-TR gemeinsam mit PI-CH Mitgliedern das Reitsportzentrum L\u00f6tschenmatt besuchen, auf dem Natascha M\u00e4chler ihre Reittherapie anbietet. Ebenfalls hat Lina Renard einen spannenden, interaktiven Input zum Thema Freiheit und Freiwilligkeit angeboten. Den Bericht findet ihr <a href=\"https:\/\/sgtr.ch\/wp\/wp-content\/uploads\/2025\/10\/2025_04_News_SG-TR_Einzelseiten_Betriebsbesichtigung.pdf\">hier<\/a>.<\/p>\n<p>&nbsp;<\/p>\n<p><strong>Bericht MV 2025 bei compas in Riehen<br \/>\n<\/strong>Am 3. Mai 2025 durften die Mitglieder der SGTR eine spannende MV in Riehen bei Basel beim Verein compas&nbsp;Institut f\u00fcr natur- und tiergest\u00fctzte Interventionen<span class=\"Apple-converted-space\"> geniessen. Den Bericht dazu findet ihr <a href=\"https:\/\/sgtr.ch\/wp\/wp-content\/uploads\/2025\/08\/Bericht-MV-2025.pdf\">hier<\/a>.<\/span><\/p>\n<\/div>\n<\/div><\/div><\/div><\/div><\/div>\n","protected":false},"excerpt":{"rendered":"","protected":false},"author":1,"featured_media":0,"parent":13201,"menu_order":0,"comment_status":"closed","ping_status":"closed","template":"","meta":{"ngg_post_thumbnail":0,"footnotes":""},"class_list":["post-13216","page","type-page","status-publish","hentry"],"_links":{"self":[{"href":"https:\/\/sgtr.ch\/wp\/wp-json\/wp\/v2\/pages\/13216","targetHints":{"allow":["GET"]}}],"collection":[{"href":"https:\/\/sgtr.ch\/wp\/wp-json\/wp\/v2\/pages"}],"about":[{"href":"https:\/\/sgtr.ch\/wp\/wp-json\/wp\/v2\/types\/page"}],"author":[{"embeddable":true,"href":"https:\/\/sgtr.ch\/wp\/wp-json\/wp\/v2\/users\/1"}],"replies":[{"embeddable":true,"href":"https:\/\/sgtr.ch\/wp\/wp-json\/wp\/v2\/comments?post=13216"}],"version-history":[{"count":40,"href":"https:\/\/sgtr.ch\/wp\/wp-json\/wp\/v2\/pages\/13216\/revisions"}],"predecessor-version":[{"id":15246,"href":"https:\/\/sgtr.ch\/wp\/wp-json\/wp\/v2\/pages\/13216\/revisions\/15246"}],"up":[{"embeddable":true,"href":"https:\/\/sgtr.ch\/wp\/wp-json\/wp\/v2\/pages\/13201"}],"wp:attachment":[{"href":"https:\/\/sgtr.ch\/wp\/wp-json\/wp\/v2\/media?parent=13216"}],"curies":[{"name":"wp","href":"https:\/\/api.w.org\/{rel}","templated":true}]}}

<div class="fusion-fullwidth fullwidth-box fusion-builder-row-1 fusion-flex-container nonhundred-percent-fullwidth non-hundred-percent-height-scrolling" style="--awb-background-position:left top;--awb-border-sizes-top:0px;--awb-border-sizes-bottom:0px;--awb-border-sizes-left:0px;--awb-border-sizes-right:0px;--awb-border-radius-top-left:0px;--awb-border-radius-top-right:0px;--awb-border-radius-bottom-right:0px;--awb-border-radius-bottom-left:0px;--awb-padding-top:20px;--awb-padding-right:0px;--awb-padding-bottom:20px;--awb-padding-left:0px;--awb-flex-wrap:wrap;" ><div class="fusion-builder-row fusion-row fusion-flex-align-items-flex-start fusion-flex-content-wrap" style="max-width:1216.8px;margin-left: calc(-4% / 2 );margin-right: calc(-4% / 2 );"><div class="fusion-layout-column fusion_builder_column fusion-builder-column-0 fusion_builder_column_1_1 1_1 fusion-flex-column fusion-flex-align-self-flex-start fusion-column-no-min-height" style="--awb-bg-size:cover;--awb-width-large:100%;--awb-margin-top-large:0px;--awb-spacing-right-large:1.92%;--awb-margin-bottom-large:0px;--awb-spacing-left-large:1.92%;--awb-width-medium:100%;--awb-spacing-right-medium:1.92%;--awb-spacing-left-medium:1.92%;--awb-width-small:100%;--awb-spacing-right-small:1.92%;--awb-spacing-left-small:1.92%;"><div class="fusion-column-wrapper fusion-flex-justify-content-flex-start fusion-content-layout-column"><div class="fusion-title title fusion-title-1 fusion-title-text fusion-title-size-two"><div class="title-sep-container title-sep-container-left fusion-no-large-visibility fusion-no-medium-visibility fusion-no-small-visibility"><div class="title-sep sep- sep-solid" style="border-color:#e0dede;"></div></div><span class="awb-title-spacer fusion-no-large-visibility fusion-no-medium-visibility fusion-no-small-visibility"></span><h2 class="fusion-title-heading title-heading-left" style="margin:0;"><span style="color: #6796bf;"><strong>Aktuelle Infos</strong></span></h2><span class="awb-title-spacer"></span><div class="title-sep-container title-sep-container-right"><div class="title-sep sep- sep-solid" style="border-color:#e0dede;"></div></div></div><div class="fusion-separator fusion-full-width-sep" style="align-self: center;margin-left: auto;margin-right: auto;margin-top:10px;margin-bottom:40px;width:100%;"><div class="fusion-separator-border sep-single sep-solid" style="--awb-height:20px;--awb-amount:20px;border-color:#e0dede;border-top-width:1px;"></div></div><div class="fusion-text fusion-text-1" style="--awb-text-transform:none;"><div class="page" title="Page 1">
<p>&nbsp;</p>
<p>&nbsp;</p>
<p><strong>Stellungnahme Praktikumsplätze für Equimotion<br />
</strong><span class="citation-83">Die Berufsverbände SG-TR und PI-CH nehmen </span><span class="citation-83">Equimotion Schweiz</span><span class="citation-83 citation-end-83"> nicht als Bildungszentrum in ihre Verbände auf, da sie sich als Berufsverbände für qualifizierte Fachpersonen verstehen und ihre eigenen Ausbildungen stärken wollen</span>. <span class="citation-82">Absolventinnen von Equimotion können jedoch die </span><span class="citation-82">Mitgliedschaft und Berufsanerkennung</span><span class="citation-82 citation-end-82"> bei SG-TR oder PI-CH beantragen, wobei jedes Gesuch individuell geprüft wird</span>. <span class="citation-81">Da das </span><span class="citation-81">Praktikum</span><span class="citation-81"> ein zentraler Bestandteil der eigenen Weiterbildung ist und höhere Anforderungen gestellt werden, sollen Praktikumsbetriebe den eigenen Studierenden und Auszubildenden </span><span class="citation-81">erste Priorität</span><span class="citation-81 citation-end-81"> bei der Platzvergabe einräumen</span>. <span class="citation-80">Die Verbände betonen den Wert der Arbeit der Praktikumsbetriebe und stellen klar, dass eine Vergütung</span><span class="citation-80 citation-end-80">&nbsp;für die Praxisanleitung durch die Auszubildenden an die PAL (Praxisanleiterin/leiter) vorgesehen ist</span>. Den gesamten Brief an Equimotion <a href="https://sgtr.ch/wp/wp-content/uploads/2025/11/Brief-Equimotion.pdf">hier</a> zum Download.</p>
<div class="source-inline-chip-container ng-star-inserted">&nbsp;</div>
<p><strong>Mitgliederversammlung Gestüt Hohenstein 23./24. Mai 2026<br />
</strong>Wir freuen uns, im 2026 unsere Mitgliederversammlung auf dem Gestüt Hohenstein in Meidelstetten durchführen zu dürfen. Lisa Semler und Rebecca Podlech führen uns durch das spannende Programm, wobei auch ein Sattlermeister und kürzlich ausgebildete Reitpädagoginnen ihr Fachwissen und ihre Erfahrungen aus der Praxis beitragen werden. Die Ausschreibung mit der Möglichkeit zur (online) Anmeldung übers Formular <a href="https://sgtr.ch/wp/wp-content/uploads/2025/10/2025_04_News_SG-TR_Ausschreibung-MV26.pdf">hier</a>.</p>
<p>&nbsp;</p>
<p><strong>Bericht Betriebsbesichtigung Lötschenmatt Obfelden</strong><br />
Am 14. September 2025 durften SG-TR gemeinsam mit PI-CH Mitgliedern das Reitsportzentrum Lötschenmatt besuchen, auf dem Natascha Mächler ihre Reittherapie anbietet. Ebenfalls hat Lina Renard einen spannenden, interaktiven Input zum Thema Freiheit und Freiwilligkeit angeboten. Den Bericht findet ihr <a href="https://sgtr.ch/wp/wp-content/uploads/2025/10/2025_04_News_SG-TR_Einzelseiten_Betriebsbesichtigung.pdf">hier</a>.</p>
<p>&nbsp;</p>
<p><strong>Bericht MV 2025 bei compas in Riehen<br />
</strong>Am 3. Mai 2025 durften die Mitglieder der SGTR eine spannende MV in Riehen bei Basel beim Verein compas&nbsp;Institut für natur- und tiergestützte Interventionen<span class="Apple-converted-space"> geniessen. Den Bericht dazu findet ihr <a href="https://sgtr.ch/wp/wp-content/uploads/2025/08/Bericht-MV-2025.pdf">hier</a>.</span></p>
</div>
</div></div></div></div></div>
